3270031 composite?
False
Is 41196761 composite?
False
Is 45412621 a prime number?
True
Is 230745871 composite?
False
Is 18199231 prime?
False
Is 4494283 prime?
False
Is 16655263 prime?
True
Is 526873 a prime number?
False
Is 162942341 prime?
True
Is 2500049807 composite?
False
Is 5175691 a prime number?
True
Is 4484689 prime?
False
Is 192631561 a prime number?
False
Is 2114999 prime?
False
Is 18469471 prime?
True
Is 90723827 composite?
True
Is 11183663 prime?
True
Is 4300343 prime?
True
Is 1448303 a composite number?
False
Is 12301273 a prime number?
True
Is 46933973 a prime number?
True
Is 362461447 prime?
True
Is 287326439 a prime number?
True
Is 33090773 a prime number?
False
Is 4072451 composite?
True
Is 28247153 prime?
False
Is 10737079 a prime number?
True
Is 1824637 composite?
True
Is 21862213 composite?
True
Is 46420343 a prime number?
True
Is 6664513 prime?
True
Is 8329121 a prime number?
False
Is 8239999 composite?
True
Is 45433607 prime?
True
Is 1464809 a prime number?
True
Is 5322293 composite?
True
Is 10963567 a prime number?
True
Is 630967 a prime number?
True
Is 672748113 a composite number?
True
Is 6050137 a composite number?
False
Is 48164147 prime?
True
Is 30579191 prime?
True
Is 1241629 composite?
True
Is 15011759 a composite number?
True
Is 26353841 prime?
True
Is 917503 a composite number?
False
Is 31635335 a composite number?
True
Is 104275594 a composite number?
True
Is 32243213 a prime number?
True
Is 107608759 a prime number?
False
Is 58804937 composite?
True
Is 37351282 prime?
False
Is 20421767 a prime number?
True
Is 27527311 prime?
False
Is 258721 prime?
True
Is 11575591 a composite number?
True
Is 194893 composite?
True
Is 2112023 composite?
True
Is 826902229 a composite number?
False
Is 5902571 a prime number?
True
Is 2387743 a prime number?
False
Is 8045017 a composite number?
False
Is 3930151 prime?
False
Is 7316417 composite?
True
Is 37274474 composite?
True
Is 10900933 a composite number?
True
Is 4094947 a prime number?
False
Is 1252021 composite?
False
Is 39762665 prime?
False
Is 23622163 prime?
False
Is 1226417 composite?
False
Is 219591467 a prime number?
False
Is 1946717 composite?
True
Is 57299241 a prime number?
False
Is 203039 composite?
False
Is 228659081 a composite number?
True
Is 455941181 prime?
True
Is 972967 composite?
False
Is 7 a composite number?
False
Is 1575078569 a composite number?
False
Is 4490933 a prime number?
True
Is 46327 prime?
True
Is 229684237 prime?
True
Is 157609 prime?
False
Is 35541257 a prime number?
True
Is 4336663 composite?
False
Is 15433277 prime?
True
Is 31248803 a prime number?
False
Is 76314101 composite?
True
Is 70052047 a prime number?
False
Is 67737539 a composite number?
False
Is 75366581 prime?
False
Is 2776051 a prime number?
True
Is 3526867 prime?
True
Is 43755541 a prime number?
True
Is 338617 a composite number?
True
Is 1985809 prime?
False
Is 25425989 a composite number?
False
Is 2484143 a composite number?
True
Is 171331009 composite?
True
Is 305093 prime?
True
Is 957009197 a composite number?
False
Is 22563718 a prime number?
False
Is 1304370303 a prime number?
False
Is 153791026 composite?
True
Is 6198107 a composite number?
False
Is 1453871 composite?
False
Is 53558787 prime?
False
Is 44970997 prime?
True
Is 72925661 composite?
True
Is 353970359 composite?
False
Is 31773809 prime?
True
Is 237080189 composite?
False
Is 27705927 prime?
False
Is 1160749 a composite number?
False
Is 265781 composite?
False
Is 1852349 a composite number?
True
Is 1848439 a prime number?
True
Is 95740427 composite?
False
Is 24257229 prime?
False
Is 4412839 a composite number?
False
Is 4928779 prime?
True
Is 6785843 prime?
True
Is 12079973 a prime number?
True
Is 4520843 a prime number?
True
Is 2817077 prime?
True
Is 2033071 prime?
True
Is 1861543 prime?
True
Is 20452007 prime?
True
Is 880483 a prime number?
True
Is 95071919 prime?
False
Is 480132463 a composite number?
False
Is 46311619 prime?
True
Is 1560517 a composite number?
True
Is 227373477 prime?
False
Is 670973189 prime?
True
Is 234563123 a prime number?
False
Is 103185077 composite?
True
Is 15744643 prime?
True
Is 7119059 prime?
False
Is 296686207 prime?
True
Is 159445531 a composite number?
True
Is 41080418 prime?
False
Is 39120959 prime?
True
Is 5511809 a prime number?
True
Is 3088235 prime?
False
Is 360695 prime?
False
Is 365717 a composite number?
True
Is 46299769 a prime number?
True
Is 84474899 composite?
True
Is 9363769 a composite number?
False
Is 14913841 a composite number?
True
Is 7320337 composite?
False
Is 105966499 a prime number?
True
Is 158112797 a composite number?
False
Is 805958501 prime?
True
Is 1399263935 a composite number?
True
Is 10819181 prime?
True
Is 140962 prime?
False
Is 75768209 composite?
True
Is 111008753 composite?
False
Is 374159 a prime number?
True
Is 685210387 a composite number?
False
Is 404483 composite?
False
Is 46512511 a prime number?
False
Is 2935457 composite?
True
Is 17680721 a composite number?
True
Is 13390961 prime?
True
Is 98686897 composite?
True
Is 114960449 prime?
False
Is 8697179 a composite number?
True
Is 35473427 a prime number?
False
Is 53935829 a prime number?
False
Is 5638277 a composite number?
False
Is 19801669 composite?
False
Is 99104185 prime?
False
Is 82548695 a prime number?
False
Is 67898003 prime?
True
Is 427805689 prime?
False
Is 62910515 a composite number?
True
Is 7203797 prime?
True
Is 2738181 a prime number?
False
Is 361861 prime?
False
Is 268633297 a prime number?
True
Is 6071761 a prime number?
True
Is 3451241 prime?
True
Is 149914813 prime?
False
Is 176123 a composite number?
False
Is 49028891 a prime number?
True
Is 412199 a composite number?
True
Is 71666741 prime?
True
Is 5727889 composite?
False
Is 847667 prime?
False
Is 1110407 prime?
False
Is 11261941 composite?
False
Is 7496347 a composite number?
False
Is 6318617 prime?
True
Is 8904799 a prime number?
True
Is 10403311 prime?
True
Is 20261497 prime?
True
Is 26974753 composite?
True
Is 10094963 prime?
False
Is 75685 prime?
False
Is 46206791 composite?
True
Is 11010019 composite?
False
Is 1257731 a prime number?
False
Is 28942463 a composite number?
True
Is 143283641 a composite number?
False
Is 21700127 prime?
True
Is 4064551 prime?
False
Is 15292201 a prime number?
True
Is 2265343 prime?
False
Is 239018349 composite?
True
Is 327036121 a prime number?
False
Is 123809901 composite?
True
Is 37665697 a prime number?
False
Is 27002159 prime?
True
Is 64326817 a composite number?
False
Is 3155513 composite?
False
Is 527708497 a prime number?
True
Is 1994191 composite?
False
Is 1042897 prime?
True
Is 6512329 prime?
True
Is 268880033 a composite number?
False
Is 71294527 a composite number?
False
Is 2619959 composite?
True
Is 51000013 a prime number?
False
Is 75440789 prime?
True
Is 3149959 composite?
False
Is 412388351 a prime number?
True
Is 1691881 composite?
True
Is 20560999 a composite number?
False
Is 258301 prime?
False
Is 5087517 a prime number?
False
Is 4591289 a composite number?
True
Is 461641 prime?
False
Is 16274183 a composite number?
False
Is 2924711 a composite number?
False
Is 5927393 a composite number?
False
Is 1913687 prime?
True
Is 412171 a prime number?
True
Is 170512747 a prime number?
True
Is 609859 a prime number?
True
Is 9998221 composite?
True
Is 104163 a composite number?
True
Is 4001999 prime?
True
Is 148136447 a prime number?
False
Is 198935497 composite?
False
Is 19153171 composite?
False
Is 1219991 prime?
True
Is 9200941 composite?
False
Is 11576359 prime?
True
Is 576447959 a prime number?
True
Is 28119899 a composite number?
False
Is 2266273 a composite number?
True
Is 3239111 prime?
False
Is 31107379 a prime number?
False
Is 381899489 a prime number?
True
Is 689097 prime?
False
Is 133943867 a composite number?
True
Is 5066254 prime?
False
Is 474417347 a composite number?
False
Is 905081 a prime number?
False
Is 155863 prime?
True
Is 791359 a prime number?
False
Is 8725133 a prime number?
True
Is 20827663 prime?
True
Is 136928873 composite?
True
Is 76929367 composite?
True
Is 116054 a prime number?
False
Is 12689351 a prime number?
False
Is 12610541 a composite number?
True
Is 57063683 composite?
True
Is 476944997 a composite number?
True
Is 101691131 a compos